alse
Let b = 167 + -165. Suppose 5*u - b*k = 8*u - 178, -106 = -2*u + 5*k. Is 6 a factor of u?
False
Suppose -11*n + 2 = -9*n. Suppose d - 3 = -n. Suppose -j + 5*k = -10 - 15, d*j = 5*k + 75. Is j a multiple of 10?
True
Suppose -3*p + 5*p = 0. Suppose p = 6*a - a - 190. Does 11 divide a?
False
Let q(v) = 166*v + 11. Does 29 divide q(5)?
True
Suppose -5*x + 2*x + 3*q + 615 = 0, -4*q = 4*x - 844. Suppose 14*m = 10*m + x. Is m a multiple of 4?
True
Suppose u - 5*k + 6 + 0 = 0, 0 = -5*u - 2*k + 24. Suppose u*q + 4*q - 480 = 0. Is 30 a factor of q?
True
Suppose 0 = 5*p - 5 - 0. Let v be 1 + (-3)/(-1)*p. Suppose -v*t + z + 0*z + 15 = 0, 0 = -5*t + 2*z + 18. Does 2 divide t?
True
Let o(s) = -2*s**3 + 26*s**2 + 12*s - 2. Is 22 a factor of o(13)?
True
Suppose 2*g = z + 116, 3*g + z + 2*z = 156. Is g a multiple of 23?
False
Suppose 128 + 535 = 3*m. Suppose -b = 5*a - 545, -4*a - b + m = -2*a. Does 27 divide a?
True
Let y be -36*6/(-2) + -1 + 2. Let l = y - 3. Is 12 a factor of l?
False
Let s = 1416 - 1066. Is 35 a factor of s?
True
Is 47 a factor of (-10 + (23 - 10))*1712/6?
False
Let x = 679 - 175. Does 21 divide x?
True
Let t(l) be the first derivative of -5*l**2/2 + 19*l + 24. Let c be (28/(-8))/((-1)/(-2)). Is 9 a factor of t(c)?
True
Let c(x) = 3844*x**2 + 152*x - 151. Is 28 a factor of c(1)?
False
Is (-5 - (5 - 21))/(1/11) a multiple of 12?
False
Let a = 13 + -11. Suppose 3*x - 1 = -4*l - a, -l + 2*x - 14 = 0. Is 2 a factor of 4/((-6 + -2)/l)?
True
Let s = 82 - 58. Let t = s - 15. Suppose -13*v + t*v = -140. Does 14 divide v?
False
Let g = 690 + -152. Is g a multiple of 7?
False
Let a(o) = o**3 - 23*o**2 - 58*o + 19. Is 11 a factor of a(26)?
True
Let d = 1 + 3. Suppose -47 - 5 = -4*q - 4*r, -d*q + 76 = -4*r. Let i = q - 13. Is i a multiple of 3?
True
Suppose 5*w = m + 5035, -8*w - m = -7*w - 1013. Is w a multiple of 14?
True
Let q = 1 - 52. Let j be (2/4)/(2/(-24)). Is 17 a factor of ((-6)/(-3))/(j/q)?
True
Let t(i) = 2*i**3 + 5*i**2 + 6*i - 89. Does 43 divide t(7)?
False
Suppose 0 = -4*c - 2*y + 3194, c - 273 = y + 530. Is c a multiple of 20?
True
Let w(v) = v**3 + 9*v**2 + 4*v - 18. Let q be w(-8). Does 6 divide -12*(q/(-4) + 2)?
True
Suppose 0 = -2*l + 2282 + 1296. Is 19 a factor of l?
False
Suppose 7*w - 2379 = -349. Is w a multiple of 13?
False
Suppose -13*c + 11*c = -140. Suppose -6*k = -3*k + 5*o - 202, -o - c = -k. Does 15 divide k?
False
Let r(l) be the second derivative of l**3/2 + 6*l**2 - 5*l. Let o be r(-8). Does 13 divide 83/6 + (-2)/o?
False
Let s(m) = -11*m**2 - 173*m - 18. Is s(-13) a multiple of 31?
True
Suppose -4*v + 3*m = 31, -5*m + 16 = -9. Let c(u) = -3*u**2 + 5*u - 13. Let j(n) = 5*n**2 - 8*n + 20. Let z(o) = 8*c(o) + 5*j(o). Is 6 a factor of z(v)?
True
Let m(k) = -k**2 - 35*k + 54. Let x be m(-30). Suppose 0 = 11*q + x - 2613. Does 11 divide q?
False
Let d be (8/28 - 0)/(1/7). Suppose 3*i - 140 = -d*i. Is 7 a factor of i?
True
Let s = 30 - 58. Let z = 4 - s. Is 8 a factor of z?
True
Let i = 77 + -49. Suppose -i = -2*j - 2*j. Let k(q) = q**3 - 5*q**2 - 9*q - 5. Is 9 a factor of k(j)?
False
Suppose -44*d + 58*d = 1708. Is 61 a factor of d?
True
Let b(v) = -79*v**3 - 3*v**2 - 8*v - 6. Does 30 divide b(-2)?
True
Let y = -912 + 1099. Is 8 a factor of y?
False
Is 11 a factor of (117/2)/((-6)/(-40))?
False
Let i = -943 + 363. Does 42 divide (i/30)/((-4)/30)?
False
Let i be 44 + -48 - ((1 - 1) + -2). Does 23 divide 1101/9 - i/(-6)?
False
Let w = -7 + 11. Let k(l) = l**3 + 2*l**2 - 5*l + 4. Let a be k(1). Suppose n - 4*n = a*g - 25, -w*n + 10 = -2*g. Does 5 divide n?
True
Let n(k) = k**2 + 4*k + 9. Suppose 0*o = -2*o - 2. Let q(a) = a**2 + a + 1. Let w(l) = o*n(l) + 2*q(l). Is w(-5) a multiple of 9?
False
Suppose 5*q - 25 = -5*u + 5, -5*q - 4*u = -28. Suppose 3*g = -5*c + 26, 14 = -5*g + 5*c + q. Is ((-17)/(-2))/(1/g) a multiple of 5?
False
Let j be (-2)/8 - 170/(-40). Suppose 0 = v + a - 7, -j*a + 0*a + 33 = 5*v. Suppose 0*x = v*x + 5*w - 300, x - 3*w = 60. Does 20 divide x?
True
Suppose 4*i + 2872 = c, 0 = -4*c + 4*i - 5*i + 11522. Is c a multiple of 64?
True
Let o = 19 - 2. Let w = -22 + o. Does 8 divide 10 - 1 - 10/w?
False
Suppose -17*n + 6 = -14*n. Suppose -96 = -j - 3*r - n*r, -3*j - r = -274. Is j a multiple of 30?
False
Suppose -3*g = -534 - 51. Let t = -106 + g. Is 13 a factor of t?
False
Suppose 8*k = -5*k + 52. Suppose -5*c = 3*h - 925, 430 = 2*h - k*c - 194. Is h a multiple of 34?
False
Suppose s - 20 + 0 = 0. Does 7 divide (25 - 1) + -19 + s?
False
Let x = 31 + -28. Suppose 0 = q + x*g - 54, g + 3*g = q - 47. Is 17 a factor of q?
True
Let b(q) = 27*q - 54. Let p be b(10). Is (p/10)/((-6)/(-15)) a multiple of 15?
False
Let z(t) = 28*t - 8. Is z(18) a multiple of 4?
True
Suppose -2*i = -i. Suppose 2*o + i*o = 0. Is 10 a factor of 19 - o - (-2 - -1)?
True
Let m(q) = -2*q**3 - 2*q**2 - 2*q + 3. Let o be m(1). Is 10 a factor of (-2 - o)/((-5)/(-350))?
True
Let u be (-24)/(4 + (-75)/18). Suppose -2*t - u = -11*t. Does 8 divide t?
True
Suppose 2*k = -i + 14, 3*i = 2*k + 3 + 7. Suppose -21 = -i*l + 3. Suppose -96 = -v + 5*d - 5, l*v - 322 = -d. Is 27 a factor of v?
True
Let j(v) = -2*v**2 - 8*v - 11. Let m be j(-4). Let p(a) = -2*a + 13 - 3 + 4. Is p(m) a multiple of 9?
True
Let w be 68/(-4)*(1 - 2). Suppose -179 - w = -7*a. Is 7 a factor of a?
True
Let k(r) = 6*r + 6. Let l be ((-2)/(-5))/((-1)/5). Let w = 8 + l. Is k(w) a multiple of 14?
True
Let r(l) be the first derivative of 6*l**2 - 23*l - 6. Is 7 a factor of r(6)?
True
Let b(s) = 44*s**3 + 2*s**2 - 1. Let w be b(1). Let j(y) = 3*y - 31. Let i be j(7). Is 9 a factor of ((-12)/i)/(2/w)?
True
Suppose 4*c + 2*v - 4042 = -1362, 0 = -v. Does 11 divide c?
False
Let y(j) = j**3 - 4*j**2 - 5*j - 4. Let x = -24 + 49. Suppose 0 = 5*d - 5 - x. Does 19 divide y(d)?
True
Let f(z) = z**3 + 18*z**2 - 15*z + 51. Let k be f(-19). Suppose 4*u = u + 225. Let g = u + k. Is g a multiple of 25?
True
Let l(k) = -k**3 - k**2 + k + 204. Let c be l(0). Suppose 2*r = -r + c. Suppose -2*z + 0*z = u - 84, 5*u - r = -2*z. Does 8 divide z?
False
Let b be (-20)/(-3) - (-4)/(-6). Let r(y) = 15*y - 6. Let z be r(b). Suppose 3*q + z = 6*q. Is q a multiple of 9?
False
Suppose -5*j - 5*g = -10, -3*g + 8*g = j + 4. Let z be (0 + j)/(2/(-4)). Does 8 divide (-47 + 0 + 1)/z?
False
Suppose -3*m - 3*x - 5 = -4*x, 25 = 5*x. Suppose 24 = -2*z - m. Let w(k) = k**2 + 10*k - 7. Does 6 divide w(z)?
False
Let a(d) = 3*d - 20. Let w be a(6). Let z be w + (-4 - (-16 + 4)). Is 8 a factor of (512/(-48))/((-2)/z)?
True
Suppose -712*y = -703*y - 1674. Does 93 divide y?
True
Suppose -2*f - 4*k + 48 = 0, -4 - 4 = -4*k. Suppose 0 = -10*g + 6*g + f. Does 5 divide g?
True
Let m(u) = 933*u - 305. Is 73 a factor of m(3)?
False
Suppose 4*j - 5*w + 15 = 0, 4*w - 15 = 5*j - 3. Suppose 14 = 3*z + z + 2*p, 3*z - p - 8 = j. Suppose -z*x = -18 - 48. Is 11 a factor of x?
True
Let t(j) = 23*j + 11. Let f be t(4). Suppose 159 = 5*y + d, 2*y = -d + f - 37. Does 14 divide y?
False
Let g be (-375)/(-35) + (-4)/(-14). Let c(w) = 5*w - 4. Let n be c(-11). Let m = g - n. Does 10 divide m?
True
Let z = -2299 - -3364. Does 9 divide z?
False
Suppose 120 = -0*z + 3*z. Let q = 31 - z. Let g(m) = m**3 + 8*m**2 - 9*m + 9. Is g(q) a multiple of 3?
True
Suppose 40*o - 3283 = -27*o. Does 49 divide o?
True
Suppose 0*m - 5*p + 840 = 5*m, 0 = 2*m + 5*p - 324. Let j = m - 20. Is j a multiple of 31?
False
Let b(t) = -5*t - 5. Let p be b(-5). Suppose -22 = 2*z - 2*d, -p = 4*z + 3*d + d. Is (-158)/z - 3/(-12) a multiple of 5?
True
Suppose 248*d = 234*d + 490. Is d a multiple of 4?
False
Suppose l = 5*i - 11, 2*l - i = -l + 9. Suppose 2*x + 174 + 212 = 4*c, -l*c - 4*x = -380. Does 12 divide c?
True
Let m(y) = -y + 1. Let c be m(5). Is 2 a factor of (c - -5)/(-1) - -13?
True
Let f(b) = 5*b - 26. Let y be f(7). Suppose 24*r = 21*r + y. Is 3 a factor of r?
True
Let s(u) = -u**3 - 13*u**2 + 12*u + 30. Let i = 84 + -98. Is s(i) a multiple of 4?
False
Suppose -3*w = -w - 4. Suppose -3*i = -a + 38, -5*a + 49 = -4*i - w*a. Let b(k) = -3*k + 5. Is 14 a factor of b(i)?
False
Let w = -9 + 14. Suppose a = w + 5. Suppose -2*d + 18 = 2*d + p, 5*d - 5*p - a = 0. Does 4 divide d?
True
Let f(m) = -m**3 - 14*m**2 - 14*m + 8. Let k be 13/65 - 66/5. Does 4 divide f(k)?
False
Supp